 is the remainder when 17400027 is divided by 117?
21
Calculate the remainder when 6348429 is divided by 1587103.
17
Calculate the remainder when 78515183 is divided by 22.
21
What is the remainder when 2122418 is divided by 171?
137
What is the remainder when 5410771 is divided by 2705385?
1
What is the remainder when 39787 is divided by 7?
6
Calculate the remainder when 37262 is divided by 12401.
59
Calculate the remainder when 135250 is divided by 5628.
178
Calculate the remainder when 398088 is divided by 1221.
42
Calculate the remainder when 403833 is divided by 201913.
7
Calculate the remainder when 285979 is divided by 744.
283
What is the remainder when 107109 is divided by 15298?
23
What is the remainder when 2585541 is divided by 129?
123
Calculate the remainder when 30227 is divided by 166.
15
Calculate the remainder when 4745512 is divided by 68.
64
What is the remainder when 284720 is divided by 11501?
8696
Calculate the remainder when 2056514 is divided by 2557.
686
Calculate the remainder when 127360 is divided by 83.
38
Calculate the remainder when 248217 is divided by 16534.
207
Calculate the remainder when 31756967 is divided by 145.
82
Calculate the remainder when 9111770 is divided by 1617.
1592
What is the remainder when 33452 is divided by 32201?
1251
Calculate the remainder when 131927 is divided by 705.
92
What is the remainder when 72630919 is divided by 18157728?
7
What is the remainder when 1175490 is divided by 244?
142
What is the remainder when 2976588 is divided by 100?
88
What is the remainder when 51719466 is divided by 3410?
3406
What is the remainder when 10161838 is divided by 12?
10
Calculate the remainder when 312599 is divided by 634.
37
What is the remainder when 9271397 is divided by 9290?
9267
What is the remainder when 1226059 is divided by 1226035?
24
Calculate the remainder when 67103 is divided by 16703.
291
Calculate the remainder when 109380 is divided by 54399.
582
Calculate the remainder when 819078 is divided by 3029.
1248
Calculate the remainder when 905287 is divided by 6245.
6007
Calculate the remainder when 5713194 is divided by 132.
102
Calculate the remainder when 17768 is divided by 8426.
916
Calculate the remainder when 659348 is divided by 20.
8
Calculate the remainder when 268245 is divided by 15604.
2977
Calculate the remainder when 168650184 is divided by 4377.
4374
What is the remainder when 1026090 is divided by 32?
10
What is the remainder when 35992702 is divided by 215?
197
What is the remainder when 7983832 is divided by 1596764?
12
What is the remainder when 11481418 is divided by 5444?
22
Calculate the remainder when 25075650 is divided by 434.
432
What is the remainder when 6917022 is divided by 24?
6
What is the remainder when 9713 is divided by 3179?
176
Calculate the remainder when 2853269 is divided by 110.
89
Calculate the remainder when 212092 is divided by 105728.
636
Calculate the remainder when 12340275 is divided by 6747.
12
What is the remainder when 57995 is divided by 42?
35
Calculate the remainder when 9215162 is divided by 575947.
10
What is the remainder when 186878 is divided by 40?
38
Calculate the remainder when 157967992 is divided by 5135.
5122
Calculate the remainder when 207622 is divided by 103803.
16
Calculate the remainder when 54611 is divided by 4198.
37
Calculate the remainder when 1840387 is divided by 131456.
3
Calculate the remainder when 538450 is divided by 269221.
8
Calculate the remainder when 129072087 is divided by 4464.
4455
Calculate the remainder when 652991 is divided by 30.
11
What is the remainder when 628023 is divided by 626309?
1714
Calculate the remainder when 6871684 is divided by 73103.
2
What is the remainder when 25273179 is divided by 185832?
27
Calculate the remainder when 150691 is divided by 3862.
73
Calculate the remainder when 408237 is divided by 408219.
18
What is the remainder when 63602 is divided by 15883?
70
Calculate the remainder when 24436 is divided by 23058.
1378
What is the remainder when 43415 is divided by 38931?
4484
Calculate the remainder when 70962 is divided by 2389.
1681
Calculate the remainder when 9759136 is divided by 174.
172
Calculate the remainder when 125884 is divided by 123625.
2259
What is the remainder when 10064815 is divided by 239?
47
Calculate the remainder when 1182967 is divided by 1320.
247
What is the remainder when 1550211 is divided by 1550102?
109
Calculate the remainder when 1553639 is divided by 1553632.
7
What is the remainder when 2241015 is divided by 500?
15
Calculate the remainder when 13484609 is divided by 9044.
5
What is the remainder when 1059355350 is divided by 22?
20
Calculate the remainder when 1491090 is divided by 496978.
156
What is the remainder when 144594343 is divided by 35?
33
What is the remainder when 7960017 is divided by 1991?
1990
What is the remainder when 11847460 is divided by 52?
40
What is the remainder when 2880413 is divided by 31999?
503
Calculate the remainder when 16982467 is divided by 3564.
7
What is the remainder when 164504 is divided by 345?
284
Calculate the remainder when 3206550 is divided by 376.
22
Calculate the remainder when 67133032 is divided by 7459225.
7
What is the remainder when 14180133 is divided by 4726697?
42
Calculate the remainder when 1526768 is divided by 107.
92
Calculate the remainder when 66945063 is divided by 327.
315
What is the remainder when 80937626 is divided by 643?
1
Calculate the remainder when 17505 is divided by 17483.
22
What is the remainder when 4241719 is divided by 3443?
3386
Calculate the remainder when 8414862 is divided by 2804936.
54
What is the remainder when 32758305 is divided by 207331?
7
What is the remainder when 31754 is divided by 389?
245
Calculate the remainder when 1185016 is divided by 148126.
8
What is the remainder when 379817919 is divided by 31?
29
What is the remainder when 40939432 is divided by 181953?
7
What is the remainder when 28777574 is divided by 193138?
12
What is the remainder when 91019 is divided by 89809?
1210
Calculate the remainder when 96707 is divided by 2464.
611
What is the remainder when 69666239 is divided by 80?
79
Calculate the remainder when 187401 is divided by 720.
201
What is the remainder when 2449066 is divided by 106476?
118
What is the remainder when 1427534 is divided by 475715?
389
What is the remainder when 59539 is divided by 8481?
172
What is the remainder when 1387297197 is divided by 30?
27
What is the remainder when 1408356 is divided by 255?
246
What is the remainder when 18199 is divided by 15500?
2699
What is the remainder when 126761408 is divided by 25?
8
What is the remainder when 1117971 is divided by 160?
51
Calculate the remainder when 103462078 is divided by 59.
32
Calculate the remainder when 3387489 is divided by 31.
26
Calculate the remainder when 5134402 is divided by 4689.
4636
What is the remainder when 972147 is divided by 972057?
90
Calculate the remainder when 163426 is divided by 109.
35
Calculate the remainder when 12606209 is divided by 482.
463
Calculate the remainder when 669956 is divided by 223248.
212
What is the remainder when 15672 is divided by 521?
42
Calculate the remainder when 1814331 is divided by 52.
51
What is the remainder when 42949 is divided by 42817?
132
Calculate the remainder when 80102 is divided by 130.
22
What is the remainder when 147885 is divided by 1913?
584
Calculate the remainder when 300833 is divided by 15009.
653
What is the remainder when 1517690 is divided by 379417?
22
Calculate the remainder when 2466514 is divided by 642.
592
What is the remainder when 1259638 is divided by 89974?
2
Calculate the remainder when 634475 is divided by 2053.
98
What is the remainder when 21683342 is divided by 297032?
6
What is the remainder when 261239 is divided by 86962?
353
What is the remainder when 93476 is divided by 3598?
3526
What is the remainder when 1571920 is divided by 130993?
4
What is the remainder when 180614 is divided by 1738?
1600
What is the remainder when 100913 is divided by 100886?
27
What is the remainder when 1052352 is divided by 1051725?
627
What is the remainder when 47671236 is divided by 7257?
3
Calculate the remainder when 1832147 is divided by 340.
227
Wha